highest common factor of 38 and c.
19
Suppose 4*c - 97 = -2*r + 21, 3*r + 2*c - 193 = 0. Suppose 0 = 4*g - r - 29. Let i(l) = -20*l. Let y be i(-3). What is the greatest common factor of y and g?
12
Suppose -5*f + 5*t + 40 = 0, f + 4*t - 8 = t. Let a = -3370 + 3426. Calculate the greatest common divisor of f and a.
8
Let o be 44/(-6) - 4/6. Let y be 6/48 - 87/o. Suppose 5*v - 384 - 221 = 0. Calculate the greatest common divisor of v and y.
11
Let x = 147 - 142. Calculate the highest common factor of 16 and x.
1
Let i be (0/(-1 - -2))/(-2). Suppose i = 3*f + 3*p - 66, -5*f + 0*p = 3*p - 114. Calculate the highest common divisor of 192 and f.
24
Suppose 0 = -2*i + 5*i - 6. Let a be i*(-1)/2*-41. Suppose -221 + a = -4*x. Calculate the greatest common factor of 15 and x.
15
Let y = 10 - -2. Suppose -11*s = -3*s - 16. Suppose -j = 3*o + 1, 5*j + s*o - 13 = 21. Calculate the greatest common divisor of y and j.
4
Let m be (9600/224)/((-18)/(-84)). Let o(y) = 6*y**3 + y**2 - y - 1. Let b be o(-1). Let v be ((-1)/3)/(b/375). What is the highest common divisor of m and v?
25
Let p = -159 + 184. Calculate the highest common factor of 225 and p.
25
Let t = -3 - 1. Let y(r) = r + 6. Let s be y(8). Let x = s + t. Calculate the highest common divisor of x and 20.
10
Let x be (-1)/2 + (-14)/(-4). Let k = -21 - 0. Let z(w) = w**3 + 20*w**2 - 24*w - 51. Let d be z(k). Calculate the greatest common factor of d and x.
3
Suppose 0 = -6*j - 233 - 1045. Let x = -198 - j. Let y be 1/((-2)/30*-1). What is the highest common divisor of x and y?
15
Let x = 1169 - 1091. Calculate the greatest common factor of 36 and x.
6
Let r(i) = 7*i**2 + 4*i + 3. Let c(f) = 3*f - 15. Let t be c(4). Let l be r(t). Let o be (-4)/(-6)*27*2. What is the greatest common divisor of l and o?
18
Suppose -749 = -21*q + 2401. Suppose a - d - 16 = -2*a, -4*a + 18 = -3*d. What is the greatest common factor of q and a?
6
Let p(m) = -6*m**3 - 5*m**2 - 14*m + 4. Let x be p(-4). What is the highest common factor of x and 26?
26
Let y = 47 - 23. Suppose 0 = 3*b - b - 48. Suppose -8*r + 5*r = -b. Calculate the highest common divisor of r and y.
8
Let y(v) = v**3 + 9*v**2 + 8*v + 6. Let c be y(-8). Let i be (-4)/c - 180/(-27). Let l be 342/54 + (-2)/i. Calculate the highest common divisor of l and 1.
1
Let j(f) = -5*f. Let x(m) = 6*m + 1. Let q = -6 + 3. Let t(u) = q*j(u) - 2*x(u). Let i be t(5). Calculate the greatest common factor of i and 143.
13
Suppose 7*u - 2 = 5*u. Let k be (3 - u)*(-165)/10. Let l be k/(-6)*12 + 0. Calculate the highest common divisor of 6 and l.
6
Let a(q) = 2*q**2 - 9*q + 10. Let b be a(-10). What is the highest common factor of 12 and b?
12
Let t be (10/(-4))/(1/(-22)). Suppose 16*s - 10*s = 132. What is the greatest common factor of s and t?
11
Suppose -7*p + 224 = -5*p. What is the greatest common divisor of p and 168?
56
Let t be 2/(-9) - 87/(-27). Let m(b) = 4 + 2*b**2 - b**t + 4*b**2 - 4*b**2 - b**2. Let s be m(0). Calculate the highest common factor of 12 and s.
4
Let f(x) = -75*x**3 - 2*x**2 - x + 1. Let h be f(-1). Let y(a) = 9*a + 50. Let j be y(0). What is the greatest common divisor of h and j?
25
Let c(l) = -15*l + 4. Let g(p) = -15*p + 4. Let d(q) = 3*c(q) - 4*g(q). Let v = 12 + -8. Let k be d(v). What is the greatest common factor of k and 7?
7
Suppose 20*i - 2 = 18*i. Let c be 36 + (-2 - -1) - i. What is the greatest common factor of c and 51?
17
Suppose -1280 = -11*z - 1016. What is the greatest common divisor of 366 and z?
6
Let z = -192 + 211. Calculate the greatest common divisor of z and 361.
19
Suppose a - 30 = -3*s, -10*a + 2*s = -5*a - 184. Calculate the greatest common divisor of a and 96.
12
Let d(f) = 6*f**3 + 5*f**2 - 15*f - 8. Let i be d(4). Let r be ((-16)/(-6))/(4/54). What is the greatest common divisor of r and i?
36
Let r be 0/(-1) - (-6 - 467). What is the greatest common factor of r and 43?
43
Let i(d) = 8*d - 303. Let x be i(42). Calculate the highest common factor of x and 9.
3
Let u be (552/(-1196))/(6/(-117)). Suppose 1 = j - 1. Suppose -j*v + 1 = -1. Calculate the greatest common divisor of u and v.
1
Suppose 242 - 326 = -6*j. What is the highest common divisor of j and 14?
14
Let l = 6 - 1. Let h = l - -5. Let t = 728 + -708. What is the highest common divisor of h and t?
10
Suppose 113*g + 4*y = 116*g - 184, 0 = 4*g - 4*y - 244. Calculate the greatest common factor of 4380 and g.
60
Let g(k) = -k**2 + 2. Let s be g(0). Suppose -s*d - 32 = -4*j, 8*j - 64 = 4*d + 4*j. Let o be (-340)/d - (-6)/8. What is the highest common factor of o and 2?
2
Suppose 5*i + 0*i - 25 = 0. Let o(u) = 5*u**3 - u**2 - 16*u + 28. Let y be o(4). Suppose -7 - y = -11*n. Calculate the highest common factor of i and n.
5
Let h be ((-3440)/258)/((-10)/12). What is the greatest common divisor of 248 and h?
8
Suppose -3*c = -r + 122, 25 = 3*r + 4*c - 393. Suppose -n + 2*y + 0*y + 32 = 0, 5*n + 3*y = r. Calculate the highest common factor of n and 252.
28
Let o be -1 + (-502)/(-22) + 6/33. What is the greatest common divisor of o and 11?
11
Let b be (28/(-2))/(1 + 4 + -3). Let x be 22 + b + (-2 - 1). What is the highest common divisor of x and 12?
12
Suppose 4*z - 228 = 584. What is the highest common divisor of 29 and z?
29
Let c be 314/((-18)/(-8) - 1/4). Let p = c - 85. Suppose -1 = z - 13. Calculate the highest common divisor of p and z.
12
Let v(m) = 14 - 8 + m + 7. Let x be v(0). Calculate the greatest common factor of 104 and x.
13
Let d = 54 + -49. Suppose -4*p + 5*g = 3*g - 126, 5*g - 165 = -d*p. Calculate the greatest common divisor of 4 and p.
4
Suppose 4*a - 12 = 0, 12*a - 7*a - 171 = -2*i. Calculate the highest common factor of i and 26.
26
Let w be (5 - -1)*(15 - 16). Let i be -77*-2*w/(-3). Calculate the highest common divisor of 28 and i.
28
Let f(t) = 5 - 3 - 2*t - 8*t**2 + 9*t**2 + 6. Let s be f(-4). Calculate the greatest common divisor of s and 40.
8
Let c = 16 - 13. Suppose -i + c*i = 144. What is the greatest common factor of 8 and i?
8
Suppose 0 = -11*m + 8*m + 12. Let k(t) = -m + 3 + 11*t + 34*t + 52*t. Let f be k(1). What is the highest common factor of 16 and f?
16
Let d = -32 - -36. Let c = 29 - 20. Let z be 39 - (c/3)/(-3). Calculate the greatest common divisor of z and d.
4
Let d = -453 - -496. Suppose 3*y = 908 + 511. What is the highest common factor of y and d?
43
Let f(h) = h**3 - 10*h**2 + 16*h - 55. Let o be f(9). Calculate the greatest common divisor of o and 104.
8
Let g be (-27)/(-15)*100/15. Calculate the highest common divisor of g and 20.
4
Let h = -66 + 64. Suppose 2*t + 27 = 5*k, 4*t + 7 = 3*k + 2. Let z = h + k. What is the greatest common divisor of 45 and z?
5
Let h be (-2)/29 - 183435/(-145). What is the highest common factor of h and 230?
115
Suppose 0 = 3*a + 1 - 4. Suppose -a = -3*h + 8. Suppose -5*t + h*t + 32 = -b, 5*t = -4*b + 67. Calculate the highest common divisor of t and 6.
3
Let x = 75 + -67. Suppose d = 0, 4*z + 3*d = 7 - 3. What is the greatest common divisor of z and x?
1
Let d be (-1)/(2/(-90)) - (-1 + 2). Calculate the greatest common factor of d and 22.
22
Suppose 9*i = 7*i + 172. Let y = -1 - -6. Suppose 0 = -3*a + 2*a - 3*k + i, 412 = 4*a - y*k. Calculate the highest common factor of 14 and a.
14
Suppose -4*t - 25 - 12 = -3*l, 0 = 4*t - 8. Let d be 63 - 3/(-4)*-4. Calculate the highest common factor of d and l.
15
Let o(i) = i**2 - 22*i + 21. Let u be o(16). Let d = u - -103. What is the highest common divisor of 126 and d?
14
Suppose 0*v - v + 5*b = -117, -v = -3*b - 117. Let r = v - 78. Suppose -13*x = -80 - 89. What is the highest common factor of x and r?
13
Let b = 21 + -9. Let s(n) = 2*n + 4. Let x be s(4). What is the greatest common factor of x and b?
12
Let b be (-9)/((-27)/10)*(-12)/10. Let x(i) = 2*i**2 + 4*i. Let u be x(b). Let s(p) = 7*p + 1. Let k be s(1). Calculate the highest common factor of u and k.
8
Suppose 0*t = 4*t - 180. Let k be ((12/9)/(-1))/((-8)/180). Calculate the greatest common factor of k and t.
15
Let s = -13 - -17. Suppose 0 = s*n - 7*n - 6. Let i be ((-28)/(-8))/((-1)/n). Calculate the greatest common divisor of i and 14.
7
Suppose -126*z + 112*z + 1680 = 0. Calculate the greatest common factor of z and 390.
30
Let o(j) = 13*j - 51. Let v be o(6). What is the hig